3
List the prime factors of 2455159815.
3, 5, 967, 6269
List the prime factors of 4564086.
2, 3, 173, 4397
List the prime factors of 11853875.
5, 11, 37, 233
What are the prime factors of 405030236?
2, 13, 17, 458179
List the prime factors of 123114568.
2, 71, 216751
List the prime factors of 270869018.
2, 7, 1493, 12959
List the prime factors of 3361079761.
13, 258544597
List the prime factors of 2264214195.
3, 5, 16771957
List the prime factors of 798146064.
2, 3, 293, 18917
List the prime factors of 2863375704.
2, 3, 7, 113, 16759
What are the prime factors of 68197406?
2, 34098703
List the prime factors of 90600135.
3, 5, 31, 194839
List the prime factors of 65244575.
5, 11, 19, 12487
What are the prime factors of 700656710?
2, 5, 13, 359, 15013
List the prime factors of 93080569.
31, 3002599
What are the prime factors of 302322124?
2, 13, 5813887
What are the prime factors of 314963663?
7, 44994809
What are the prime factors of 53396177?
409, 130553
List the prime factors of 38984114.
2, 13, 1499389
List the prime factors of 43342244.
2, 11, 37, 79, 337
List the prime factors of 2098174206.
2, 3, 349695701
What are the prime factors of 5254300652?
2, 1313575163
What are the prime factors of 127221532?
2, 31805383
List the prime factors of 244266050.
2, 5, 7, 31, 47, 479
List the prime factors of 5996532040.
2, 5, 773, 193937
What are the prime factors of 105845633?
2837, 37309
What are the prime factors of 1167624286?
2, 89, 6559687
List the prime factors of 105454886.
2, 52727443
List the prime factors of 6520801462.
2, 7, 173, 947, 2843
List the prime factors of 147004958.
2, 73502479
List the prime factors of 578111823.
3, 43, 61, 907
List the prime factors of 40022749.
13, 18217
What are the prime factors of 1994555266?
2, 11, 743, 122021
List the prime factors of 7760954213.
7760954213
What are the prime factors of 274805589?
3, 91601863
What are the prime factors of 3813569128?
2, 83, 227, 25301
List the prime factors of 48120349.
191, 251939
List the prime factors of 245811011.
1289, 190699
List the prime factors of 80863550.
2, 5, 313, 5167
List the prime factors of 94912647.
3, 31637549
List the prime factors of 1122126646.
2, 561063323
What are the prime factors of 210748320?
2, 3, 5, 17, 8609
What are the prime factors of 3065751303?
3, 1021917101
What are the prime factors of 630191540?
2, 5, 11, 97, 29531
List the prime factors of 871786975.
5, 19, 233, 7877
List the prime factors of 130552781.
19, 59, 116461
List the prime factors of 639882438.
2, 3, 13, 389, 21089
List the prime factors of 58556708.
2, 7, 19, 110069
What are the prime factors of 3549765701?
31, 114508571
List the prime factors of 324057745.
5, 11, 29, 137, 1483
List the prime factors of 205659259.
13, 181, 87403
What are the prime factors of 43488527?
1301, 33427
List the prime factors of 151747043.
7, 43, 504143
List the prime factors of 177209061.
3, 59069687
What are the prime factors of 634615526?
2, 29, 47, 232801
List the prime factors of 54407716.
2, 11, 19, 151, 431
What are the prime factors of 864950434?
2, 432475217
List the prime factors of 229159137.
3, 1847, 41357
List the prime factors of 108339282.
2, 3, 668761
List the prime factors of 165181126.
2, 11, 7508233
List the prime factors of 276176239.
487, 567097
List the prime factors of 1726419241.
17, 89, 67121
What are the prime factors of 205860018?
2, 3, 7, 13, 101, 3733
List the prime factors of 17002766.
2, 11, 772853
What are the prime factors of 2003587618?
2, 19183, 52223
What are the prime factors of 4997814277?
43, 1777, 65407
List the prime factors of 192914375.
5, 308663
What are the prime factors of 709921974?
2, 3, 1129, 104801
List the prime factors of 292295557.
211, 1385287
What are the prime factors of 1609515617?
5077, 317021
What are the prime factors of 5194687165?
5, 191, 5439463
List the prime factors of 215211111.
3, 53, 61, 22189
What are the prime factors of 3760690?
2, 5, 97, 3877
What are the prime factors of 1391864014?
2, 1619, 429853
List the prime factors of 794988298.
2, 13, 4649, 6577
What are the prime factors of 6204490675?
5, 9439, 26293
List the prime factors of 614512169.
37, 47, 97, 3643
List the prime factors of 247711063.
17, 1823, 7993
What are the prime factors of 123803775?
3, 5, 17, 10789
What are the prime factors of 6140721875?
5, 89, 22079
What are the prime factors of 106570758?
2, 3, 7, 1277, 1987
What are the prime factors of 905241499?
905241499
List the prime factors of 90063349.
7933, 11353
List the prime factors of 39887961.
3, 37, 43, 61, 137
What are the prime factors of 2363336149?
347, 6810767
What are the prime factors of 146824625?
5, 661, 1777
What are the prime factors of 37864523?
37864523
List the prime factors of 449070011.
13, 17, 156307
List the prime factors of 6343351.
7, 337, 2689
What are the prime factors of 78672579?
3, 26224193
List the prime factors of 46615272.
2, 3, 11, 176573
List the prime factors of 60213877.
101, 193, 3089
List the prime factors of 19416435.
3, 5, 43, 30103
List the prime factors of 139713742.
2, 7, 9979553
What are the prime factors of 815667072?
2, 3, 11, 17, 37, 307
List the prime factors of 127575343.
7, 47, 401, 967
List the prime factors of 140957537.
7, 139, 317, 457
List the prime factors of 3169456640.
2, 5, 7, 137, 1291
List the prime factors of 422683793.
7, 60383399
List the prime factors of 25886768.
2, 1617923
List the prime factors of 6365419274.
2, 3182709637
List the prime factors of 2413454803.
19, 127023937
What are the prime factors of 661067812?
2, 829, 199357
What are the prime factors of 81596752?
2, 5099797
What are the prime factors of 17530206?
2, 3, 41, 71261
What are the prime factors of 9026245?
5, 137, 13177
What are the prime factors of 207921542?
2, 103960771
What are the prime factors of 1349894476?
2, 7, 823, 58579
List the prime factors of 230066862.
2, 3, 5477, 7001
List the prime factors of 5005559.
13, 23, 16741
List the prime factors of 2338749052.
2, 11903, 49121
What are the prime factors of 4513547597?
13, 347195969
List the prime factors of 1420956825.
3, 5, 18946091
List the prime factors of 2606301914.
2, 1303150957
List the prime factors of 336330267.
3, 7, 13, 19, 59, 157
List the prime factors of 530823372.
2, 3, 1049, 42169
What are the prime factors of 57861865?
5, 41, 282253
What are the prime factors of 203429034?
2, 3, 37, 305449
What are the prime factors of 41946408?
2, 3, 7, 83227
List the prime factors of 1173369704.
2, 13, 107, 8111
What are the prime factors of 638039027?
638039027
What are the prime factors of 235733295?
3, 5, 7, 431, 5209
What are the prime factors of 186091148?
2, 1583, 29389
What are the prime factors of 1756436298?
2, 3, 292739383
What are the prime factors of 276080148?
2, 3, 7668893
What are the prime factors of 101257342?
2, 50628671
What are the prime factors of 3120360589?
29, 103, 607, 1721
What are the prime factors of 530547445?
5, 101, 1019, 1031
List the prime factors of 3334140702.
2, 3, 151, 433, 2833
List the prime factors of 16591481.
1327, 12503
What are the prime factors of 43411773?
3, 211, 68581
List the prime factors of 112792347.
3, 229, 54727
List the prime factors of 696399299.
79, 83, 106207
What are the prime factors of 95763157?
7, 349, 39199
What are the prime factors of 33448496?
2, 43, 61, 797
What are the prime factors of 606314087?
83, 7304989
List the prime factors of 84246982.
2, 4297, 9803
List the prime factors of 220587809.
13, 223, 76091
What are the prime factors of 89415387?
3, 19, 174299
List the prime factors of 2505969403.
7, 357995629
What are the prime factors of 52944386?
2, 11, 1289, 1867
What are the prime factors of 6631499910?
2, 3, 5, 7, 17, 397, 4679
List the prime factors of 343317472.
2, 827, 12973
What are the prime factors of 55356908?
2, 601, 23027
What are the prime factors of 1818915?
3, 5, 7, 17, 1019
What are the prime factors of 2128660420?
2, 5, 106433021
What are the prime factors of 243630463?
243630463
What are the prime factors of 585870345?
3, 5, 71, 233, 787
List the prime factors of 27908156.
2, 191, 36529
List the prime factors of 437468496.
2, 3, 9113927
List the prime factors of 186360912.
2, 3, 143797
What are the prime factors of 6216819